ors of y(1).
2, 617
Let x(b) be the second derivative of -b**4/12 + b**3/3 + 3*b**2/2 + 4*b. Let o be x(0). Suppose -o*u - 2*u = -165. What are the prime factors of u?
3, 11
Suppose 201*q - 206*q + 3210 = 0. List the prime factors of q.
2, 3, 107
Let a(z) = -2*z**3 - 19*z**2 - 23*z - 15. List the prime factors of a(-12).
3, 109
Suppose 4*a - 1845 = 3*h - 0*h, -4*a + 4*h + 1848 = 0. List the prime factors of a.
3, 17
Suppose 4 = 10*x - 26. Suppose -5*m + x*w = -244, -4*m + 0*m = -w - 198. List the prime factors of m.
2, 5
Let j = -9 - -29. Suppose -445 = -j*a + 15*a. What are the prime factors of a?
89
Let r(b) = 4*b + 3. Let h be r(-1). Let k be h/(-3) - (-196)/42. Let a(v) = v**3 - 3*v**2 - 3*v - 6. What are the prime factors of a(k)?
29
Let l(t) = t**3 + t**2 - 5*t + 2. Let g be l(2). Let v(h) = 13*h - 2. List the prime factors of v(g).
2, 5
Suppose -3*b + 96 = 3*k, 6*b - b = 4*k + 160. Suppose b = 2*c + 8. Suppose c*x - 14*x = -38. List the prime factors of x.
19
Let z be 1373/(-2) + 9/(-6). Let g be z/(-15) + 2/15. Suppose 0 = r + s - g, -70 = -r + 5*s - 18. List the prime factors of r.
47
Suppose 0 = -6*j + 5*j + 126. Suppose -3*h + j = -h. What are the prime factors of h?
3, 7
Suppose 128149 = 65*k - 1526. List the prime factors of k.
3, 5, 7, 19
Let h = 64 - -180. Suppose 4*d - h = -0*d. What are the prime factors of d?
61
Let k(t) = 204*t - 41. List the prime factors of k(4).
5, 31
Suppose -15 = -11*k + 8*k. Suppose 3*a - 4*h = 2*a + 23, -k*a - 5 = 4*h. Suppose -a*g + 450 = 3*g. List the prime factors of g.
3, 5
Suppose 0 = 68*g - 74*g + 4416. What are the prime factors of g?
2, 23
Let m(v) = 5*v - 11. Suppose -4*y - 32 = -3*t, 14 = -2*t + 3*t - 2*y. Let b = 10 - t. List the prime factors of m(b).
19
Let n(x) be the first derivative of -7*x**2/2 - 3*x + 7. Let v be n(-1). Suppose 37 = v*w - 111. List the prime factors of w.
37
Let y = -1905 + 3307. List the prime factors of y.
2, 701
Suppose 4*u + 10 = 5*r - 30, 5*u = -2*r + 49. Let f = r - 16. What are the prime factors of (-1284)/(-54) - f/18?
2, 3
Let g be 0/(3 + 2/(-1)). Let q(r) = 2*r**3 - 4*r**2 + 43. Let p(a) = 3*a**3 - 5*a**2 + 44. Let o(b) = -3*p(b) + 4*q(b). List the prime factors of o(g).
2, 5
Let g(a) = -20*a + 1. Let u be g(-7). Suppose 2*m = -u - 3. What are the prime factors of (-20)/(-6)*m/(-10)?
2, 3
Let y(k) = 2*k**3 + k**2 - 13*k + 7. Let v be y(8). Suppose 7*b = 31 + v. List the prime factors of b.
2, 73
Suppose u - 114 = -32. Let i = u + -41. What are the prime factors of i?
41
Suppose 745 + 499 = 4*c. Suppose 3*w = 3*p - w - c, -3*p - 5*w + 266 = 0. List the prime factors of p.
97
Suppose a + 2*b - 42 = 0, -5*a + 0*a - 5*b + 230 = 0. Suppose -3*v - k - 28 = -v, -4*v - a = -k. List the prime factors of 46/5 + v/65.
3
Suppose -3*l - 4*d = 2*l + 12, -l = 2*d + 6. Let u(y) = y**3 - y - 42. Let b be u(l). Let w = 71 + b. What are the prime factors of w?
29
Let q(s) = 2154*s - 12. Let r be q(-3). What are the prime factors of (-1 - 10/6)*r/104?
2, 83
Let d = -132 - -137. Suppose d*t + 0*t = 100. What are the prime factors of t?
2, 5
Let f(r) = -r**3 + 17*r**2 - 8*r - 29. List the prime factors of f(9).
547
Suppose 0 = -2*i + 3*l - 67, -i - 64 = i - 4*l. Let k = i + 95. What are the prime factors of k?
3, 19
Let l = 19 + -17. Suppose l*v - 4*w = -9 - 5, 3*v + 15 = 3*w. What are the prime factors of (-1)/(-2)*(75 + v)?
2, 3
Suppose 4*t - 46 = -2*i, -52 = -5*t - 4*i - 2. Let l be ((-78)/5)/(t/(-35)). Suppose 3*x - 12 = l. List the prime factors of x.
17
Suppose -40 = -11*u + 37. Let h(l) = 2*l**2 + 12*l - 17. List the prime factors of h(u).
3, 5, 11
Let u = 1126 + -555. What are the prime factors of u?
571
Let c = 9 - -15. Let j = 35 + c. What are the prime factors of j?
59
Let l be (9/15)/1 - (-906)/15. Suppose 64*q = l*q + 474. What are the prime factors of q?
2, 79
List the prime factors of (-6)/15 + 34960/25 - -3.
3, 467
Let b be 6/(-8)*(-10 - -6). Suppose b*x + 42 = 171. List the prime factors of x.
43
Suppose 4*t - 931 = -99. List the prime factors of t.
2, 13
Suppose 0 = -2*b - 2*b + 40. Suppose 4*s - 4*t + 4 = 0, b = -s - 3*t + 7*t. Suppose -w = 0, 2*w + 6 = s*y - 3*w. List the prime factors of y.
3
Let l(v) = -v**2 - 6*v + 24. Let b be l(-11). Let u = b - -33. Suppose u*s = -a + 71, 0 = s - 4. List the prime factors of a.
3, 7
Suppose 5*r - 42 = 208. Suppose 12*z - 7*z = r. Let d = 22 - z. What are the prime factors of d?
2, 3
Let b(f) = 49*f**2 + 13*f + 57. List the prime factors of b(-4).
3, 263
Let c(f) = -121*f - 104. What are the prime factors of c(-9)?
5, 197
Suppose 2*u + 20 = 6*u. Suppose -6*a + u*a + 13 = 0. What are the prime factors of a?
13
Let x = -31 - -64. Suppose 5*c - x - 2 = 0. Suppose -c*v = -9*v + 20. What are the prime factors of v?
2, 5
Suppose -m = 3*y - 840 - 63, -m + 931 = -4*y. What are the prime factors of m?
3, 5, 61
Let u(y) = 86*y**2 + 3*y + 2. What are the prime factors of u(-1)?
5, 17
Suppose c - 380 = 2*q, -55*c + 5*q = -60*c + 1885. List the prime factors of c.
2, 3, 7
Let r = -34 + 37. Suppose 0 = -g + r + 23. List the prime factors of g.
2, 13
Let v(h) be the third derivative of h**5/60 - 7*h**4/12 - 8*h**3/3 + 12*h**2. Let s be v(15). Let i(q) = -35*q**3 - 3*q - 2. What are the prime factors of i(s)?
2, 3
Let j = 332 - -280. List the prime factors of j.
2, 3, 17
Let q(o) = o**3 + 11*o**2 - 25*o - 56. What are the prime factors of q(-10)?
2, 3, 7
Let q(h) = 595*h**2 + 2*h - 2. What are the prime factors of q(1)?
5, 7, 17
Let y = 694 - 366. Suppose 0 = -6*k + 2*k + y. List the prime factors of k.
2, 41
Let i = 208 + -138. Let u = 129 - i. What are the prime factors of u?
59
Let i be (-28)/(-6)*21/(-14). Let n = i - -47. What are the prime factors of n?
2, 5
Suppose h + 10 = 6*h. Let t(n) = 2 - n**3 + 2 + h*n + 2 - 5. List the prime factors of t(-3).
2, 11
Let a = 102 - 65. Suppose 0 = 5*g - 317 + a. List the prime factors of g.
2, 7
What are the prime factors of (58/10 - -1)/(119/595)?
2, 17
Suppose 0 = 3*p - 3*x - 1032, -3*p - 3*x = -1262 + 230. What are the prime factors of p?
2, 43
Let c(m) = 56*m + 2. Let t be c(-1). List the prime factors of 687*(-8)/t + (-4)/(-18).
2, 3, 17
Let h(x) = x**3 - x**2 - x - 2. Let m be h(2). Let l(o) = -o + 2. Let k be l(m). Suppose f - 23 = -q, -k*q - f = 2*q - 92. List the prime factors of q.
23
Suppose 2*m = 4, 2*m = -3*d - 0*m - 197. Let t = -29 - d. What are the prime factors of t?
2, 19
Suppose -4*s - 5*a - 4 = 0, -3*a + a + 12 = 5*s. Let q be (-2)/8 - (-125)/s. Let w = -10 + q. List the prime factors of w.
3, 7
Suppose -201 - 64 = -a. Suppose 4*z - a = -109. List the prime factors of z.
3, 13
Let h(k) = -k**3 + 18*k**2 + 24*k - 28. Let m = 160 - 86. Suppose 4*v - m = 2*c, c = 5*v - c - 93. List the prime factors of h(v).
67
Let q(m) = m**3 - m**2 + m + 1. Let n(o) = 2*o**3 - 6*o**2 + 4. Let p(h) = n(h) - 5*q(h). Let d = 7 - 9. What are the prime factors of p(d)?
29
What are the prime factors of (4 - -3965)/7 - -4?
571
Let j = -17 - -9. Let p = j - -2. Let o = p + 14. List the prime factors of o.
2
What are the prime factors of -3 + 2 - (-733 - 25)?
757
Suppose 0*d = 5*d - 4*x - 1290, -2*x = 0. What are the prime factors of d?
2, 3, 43
Suppose -a + 31 - 28 = 0. Let z(p) = 13*p**2 + 6*p - 8. What are the prime factors of z(a)?
127
Let r = 389 - 177. Suppose -208*z - 980 = -r*z. What are the prime factors of z?
5, 7
Suppose 0 = -3*p + p. Suppose p*m + 2*m - 84 = 0. List the prime factors of m.
2, 3, 7
Let i(x) = -x + 93. Suppose -2*l + 3*l = 5*k + 1, -4 = -k - 4*l. What are the prime factors of i(k)?
3, 31
Let s = 507 + -292. Suppose -j - s = -5*j + b, -4*j - 5*b = -221. List the prime factors of j.
2, 3
Let w(p) = -2*p**2 + p + 1. Let k be w(-1). Let x(q) = -2*q - 8. Let g be x(0). Let z = k - g. List the prime factors of z.
2, 3
Suppose -1001 = 11*a - 10670. List the prime factors of a.
3, 293
Let y(c) = -c**2 + 2*c + 8. Let i be y(4). Let w = i - -2. Suppose 0 = -w*t - 2, 2*j - 3*t + 47 = 4*j. What are the prime factors of j?
5
Suppose 8*s - 2051 = 4429. List the prime factors of s.
2, 3, 5
Let g = -30 + 32. Suppose -g*b + 2 = -14. What are the prime factors of b?
2
Let l = -74 + 1573. What are the prime factors of l?
1499
Suppose -13*a + 15*a + 4*l - 3904 = 0, 3*a - 5851 = -l. List 